 are the prime factors of y*(18/(-4))/(-3)?
3
What are the prime factors of 8/((-60)/(-27) - (-4)/(-18))?
2
Suppose 0 = 5*w + l - 4 - 36, 0 = -4*w + 3*l + 13. List the prime factors of w.
7
Let n(s) = -2*s + 1 + 5*s**2 - 2*s**2 + s**2. What are the prime factors of n(1)?
3
Suppose -5*a = -143 - 37. List the prime factors of a.
2, 3
Suppose 2*g - 8 = 4*w - 2*g, 0 = 5*w - 4*g + 9. Let l = w + 1. Suppose h = 2 - l. What are the prime factors of h?
2
Suppose -55 = -3*j - 2*j. What are the prime factors of j?
11
Suppose 0*q + 4*i - 5 = -3*q, 5*q + 5*i = 5. What are the prime factors of 3*(q + 2) - -15?
2, 3
Suppose p - 15 = -2*p. Suppose p*i = h + 176, -4*h - 80 = -3*i + 12. Suppose -3*d + k + k + i = 0, 0 = -4*d + 2*k + 46. What are the prime factors of d?
2, 5
Let t = -12 + 43. What are the prime factors of t?
31
Let p be (6 - -3)*40/6. Let v = p - 34. What are the prime factors of v?
2, 13
What are the prime factors of (-6)/(-4)*564/18?
47
Let s(v) be the first derivative of v**2/2 + 6*v + 2. Let h be s(-6). What are the prime factors of ((-1)/3 - h)*-33?
11
Suppose 2*d = -4*g + 94, 0*d + g + 179 = 4*d. List the prime factors of d.
3, 5
Suppose -7*d - 6390 = -25*d. List the prime factors of d.
5, 71
Suppose 4*g - 3*u - 42 = -6*u, 0 = 2*g + 4*u - 26. What are the prime factors of g?
3
Let f(i) = 2*i - 1. Let c be f(1). List the prime factors of 1*-23*c/(-1).
23
Suppose 4*z - 368 = 4*o, 0 = 5*z + 3*o - 181 - 247. Suppose -2*f + t + 61 = 2*t, 3*f - z = 2*t. What are the prime factors of f?
2, 3, 5
Let k(j) = -j - 5. Let y be k(-7). Suppose 6 = -y*a + a. List the prime factors of (1 - (-9)/a)*-22.
11
Let b(k) = 2*k**2 - 10*k - 2. List the prime factors of b(-5).
2, 7
Suppose -2*p = 4*c - 10 - 142, 4*p = -c + 24. List the prime factors of c.
2, 5
Let a(v) = v**2 + 9*v - 1. What are the prime factors of a(-10)?
3
Let x be (-4)/(-2) + -1 + 6. Let t(g) = -g**2 + 9*g - 1. What are the prime factors of t(x)?
13
Let p = 17 + 1. What are the prime factors of p?
2, 3
Suppose -n = -0 - 2. Suppose -2*k - 6 = -14. Suppose 2*g + 16 = n*a, -4*g - k = -a + 1. What are the prime factors of a?
3
Let u(v) = v**2 - 5*v - 10. Let a be u(7). Suppose -2*k - 33 = -2*t + 39, -5*t + 183 = -a*k. List the prime factors of t.
3, 13
Let u be 4/(-6)*(-18)/4. Let a be (u/6)/(2/8). Suppose -4*f + 18 = a*p - 14, -26 = -3*f - 2*p. What are the prime factors of f?
2, 3
Suppose b = -4*b + 295. List the prime factors of b.
59
Let t(r) = -r**2 + 6*r - 4. Let p be t(4). Suppose -4*m = 3*d + d - 28, p*m = 3*d - 28. List the prime factors of d.
2
Let d(j) = 9*j + 5. List the prime factors of d(3).
2
Let v(g) = -g. Suppose 5 = 3*u - 4. Suppose 5*z - z = -4*f - 24, 2*f - u*z - 3 = 0. List the prime factors of v(f).
3
Suppose 0 = -11*q + 1813 + 266. List the prime factors of q.
3, 7
Suppose 4*s - 3*s + a = 2, s = 2*a - 10. Suppose 16 = 5*n - 3*n. Let l = s + n. What are the prime factors of l?
2, 3
Let h = -6 + 2. Let w = 32 + -48. Let b = h - w. What are the prime factors of b?
2, 3
What are the prime factors of -1 - (-3 + (-188)/(-4)*-3)?
11, 13
Suppose 92*a - 95*a + 516 = 0. What are the prime factors of a?
2, 43
Suppose 66 = 3*k - 261. What are the prime factors of k?
109
Suppose 5*j - 9 - 6 = 0. Suppose j*i = 36 - 15. List the prime factors of i.
7
Let d(o) = 42*o**2 - o + 2. List the prime factors of d(-1).
3, 5
List the prime factors of ((-12)/(-9))/((-1)/3) - -365.
19
Let u = -99 + 153. List the prime factors of u.
2, 3
Let r be (3 + 1)*-1*4. Let x = 28 + r. What are the prime factors of x?
2, 3
Let w(f) = f**2 - 12*f - 16. Let o be w(11). Let y be 2*(-3 + o/(-6)). Suppose -1 = -5*s + 5*l + 39, 30 = y*s - 5*l. List the prime factors of s.
5
Suppose 3*k - 602 = 19. What are the prime factors of k?
3, 23
List the prime factors of (8/5)/(4/10).
2
Suppose 5*j + 4*p = 6, -4*j - 5*p + 3 = -0*j. Suppose -5*k = 5*m - 60, m + j = 4*k - 56. List the prime factors of k.
2, 7
Let i(f) = -f**3 + f**2 + f + 34. What are the prime factors of i(0)?
2, 17
Suppose -1 + 25 = 4*y. Let h(f) = f - 3. Let s be h(y). What are the prime factors of s + -2 - (-5)/1?
2, 3
Suppose 38 + 16 = 3*p. Suppose p = 2*b - 0*b. Let n = 18 - b. List the prime factors of n.
3
Let z = 34 + 3. What are the prime factors of z?
37
Suppose 0 = -2*s - v - 3*v + 18, 3*s - 2*v = 3. Suppose 5 = s*y + o + o, o + 15 = 2*y. Suppose y*h = -25, 3*x = -x - 5*h + 7. List the prime factors of x.
2
Let g(t) = -t**2 - 7*t + 2. Let p = -9 - -2. List the prime factors of g(p).
2
Let m be (2 - 7)*(-4)/10. Suppose 4*l - 18 = m*r, l + 8 = -0*l - 2*r. What are the prime factors of l?
2
Let d be (-22)/(-8) + 1/4. Suppose -4*t - c = t, -d*c = 4*t. Suppose 3*z - 21 = -t*z. What are the prime factors of z?
7
Let y(z) = -2*z - 11. Let x be y(-8). Suppose -4*c = h + h - 22, c = -x*h + 10. What are the prime factors of c?
5
Suppose 3*c = 4*c + 5. Let s = c + 3. Let h = s - -8. What are the prime factors of h?
2, 3
Suppose -5*s + 25 = -4*s. What are the prime factors of s?
5
Suppose 0 = 8*v + 323 - 1763. What are the prime factors of v?
2, 3, 5
What are the prime factors of (0 + 1/(-2))/(2/(-92))?
23
Suppose j + 1 = 3. Suppose 2*k - j*u - 30 = 0, k = -k + 4*u + 30. List the prime factors of k.
3, 5
Let u(l) = 2*l**3 + 10*l**2 - l - 4. Let y(k) = -k + 0*k + 5*k**3 - 7 + 0*k**3 + 21*k**2. Let z(g) = 7*u(g) - 3*y(g). What are the prime factors of z(6)?
5
Suppose 2*d + 0*y - 32 = 2*y, 3*y - 56 = -5*d. List the prime factors of d.
13
Suppose 0 = -l - h - 0*h, -4*l = -4*h. Suppose l = 4*y - 6 - 14. What are the prime factors of y?
5
Let g be (-348)/(-42) + (-4)/14. Let y = g - 3. List the prime factors of y.
5
Suppose 3*x = -i + 5, -4*i - 3 = -i + 3*x. Let w = -1 - i. List the prime factors of w.
3
Let j(a) = 2*a**2 + a. List the prime factors of j(-5).
3, 5
Let t = 14 - 4. What are the prime factors of t?
2, 5
What are the prime factors of 2/3*15780/40?
263
Suppose -102 = -i + 68. List the prime factors of i.
2, 5, 17
Let k be (2 - -1)/(15/20). Suppose 0 = -3*s, -k*t + 3*s + 176 = 5*s. List the prime factors of t.
2, 11
Let t(d) = 5*d + 3. Let c = 12 + -8. What are the prime factors of t(c)?
23
Suppose 0 = -3*i + 6*i + 54. What are the prime factors of 2/(-6) - 366/i?
2, 5
Suppose -4*o + 2 = -2. Let v = 2 + o. What are the prime factors of v?
3
Let m(g) = g**2 + 6*g + 2. Let x be m(-6). Suppose 0 = -5*i + x*i + 9. Suppose 0*t - i*t = -33. List the prime factors of t.
11
Let g(a) = 3*a + 1. Let h be g(1). Suppose -79 + 15 = -h*i. List the prime factors of i.
2
Let a be 385/25 + (-4)/10. Let o = 24 - a. List the prime factors of o.
3
Suppose -2 + 0 = -o - 5*z, -5*o + 94 = 4*z. Let m = o - -17. What are the prime factors of m?
3, 13
Let j be 2*2/16*8. Suppose -5*k + 2*q + 174 = 0, -2*q = -k + j*q + 42. Suppose -5*g = -k + 4. What are the prime factors of g?
2, 3
Let y(l) = -l - 5. Let a be (3 + -21)*2/4. Let u be y(a). Suppose 30 = -n + u*n. What are the prime factors of n?
2, 5
Let j(m) = 9*m**2 - 2*m + 24. List the prime factors of j(5).
239
Suppose 0 = -7*y - 17 + 206. List the prime factors of y.
3
Let l(j) = -6*j + 2. Suppose b + 4*i + 10 + 0 = 0, -5*b - 5*i = 20. List the prime factors of l(b).
2, 7
Let j(u) = -u**3 - 6*u**2 + 5*u + 4*u + 6 - 3*u. What are the prime factors of j(-7)?
13
Suppose -17*y = -16*y - 26. List the prime factors of y.
2, 13
Let l(o) = 2*o**3 + 3*o**2 - 2*o - 1. Let b(x) = x - 1. Let s be b(3). List the prime factors of l(s).
23
Suppose -x + m = -5, -5*x + 2*m + 23 = 1. Suppose 12 = 4*g + x. List the prime factors of g.
2
Suppose -2*z + 3*z = -6. What are the prime factors of 38*(z/(-4) - 1)?
19
Let q(i) = -i**3 + 13*i**2 + 4*i - 25. List the prime factors of q(12).
167
Suppose -137 = -2*o + 103. Suppose u = 6*u - o. Suppose -2*w + 3*b = 3, -3*w + u = 2*b + 3*b. What are the prime factors of w?
3
Let g = -5 + 25. What are the prime factors of 5 + g - (2 + 1)?
2, 11
Let z(l) = -4*l + 4 + 4*l - 3*l. Let k be z(3). Let r = 8 + k. List the prime factors of r.
3
Suppose 0 = -2*b + 4*i + 108, -2*i + 0 + 4 = 0. What are the prime factors of b?
2, 29
Let c(k) = -2*k - 6. Suppose 2*a = 4*s + 34, -17 = 2*s - 2*a + 1. What are the prime factors of c(s)?
2, 5
Let w(z) = -7*z**2 + 10*z - 23. Let h(v) = -4*v**2 + 5*v - 12. Let b(t) = -11*h(t) +